 of r(19)?
8
Let z(a) = -37*a - 198. Let g(w) = 25*w + 133. Let l(t) = -8*g(t) - 5*z(t). What is the hundreds digit of l(-22)?
2
Suppose 0 = 3*m - 5*m + 10. Let h be (-58)/(-3)*m*18/60. Suppose f - h = -16. What is the units digit of f?
3
What is the units digit of 1245/2 - (-156)/(-312)?
2
What is the thousands digit of 2/5*(-25 - -7940)?
3
Suppose 48 = 2*v - 5*k, v - 9*k + 10*k = 24. What is the hundreds digit of 27572/v + ((-58)/12 - -5)?
1
Let q be (-134519)/70 + 3/(-10). What is the hundreds digit of (-10 - -11)*(0 + q)/(-2)?
9
Let s(g) = -13*g**3 - 22*g**2 - 167*g - 12. What is the hundreds digit of s(-7)?
5
Suppose g + 0*g + 30*g = 1815887. What is the units digit of g?
7
Suppose -9*l = -6*l + z - 4, -2*z - 7 = l. What is the units digit of 7*(5 - -6) - (-3 + l)?
7
Let k(g) be the second derivative of 0 + 15*g + 1/20*g**5 + 11/3*g**3 - 11/2*g**2 - 17/12*g**4. What is the units digit of k(16)?
5
What is the tens digit of (-1 - -6) + 1 + 14*34 + 0?
8
What is the units digit of ((-9)/(-6) - 0)*111318/108*12?
3
Suppose -7*m + 6*m - 861 = 0. Let j = m - -1874. What is the units digit of j?
3
Suppose -22*n - 28 = -36*n. What is the tens digit of (n/4)/((-38)/(-15884))?
0
What is the ten thousands digit of (-70820)/(-6) - ((-242)/(-33))/22?
1
Let w(p) = -2*p**3 + 50*p**2 - 49*p + 27. Let n be w(24). What is the hundreds digit of n + -6 + 3 + 1200?
2
Suppose -233495 = -7*u + 2*u + 5*x, -14*u - 4*x = -653822. What is the hundreds digit of u?
7
Let t(l) = -l**2 - 41*l - 175. Let k be t(-36). Suppose 2*a - a = 2*g + 30, 4*a = g + 120. What is the units digit of -2*k/a*-318?
6
Suppose 0 = g - 2*a - 2517, 0 = 524*a - 520*a + 8. What is the thousands digit of g?
2
Let o(f) = 11*f**2 - 3*f + 4. Let w(u) = -u**2 - 4*u + 10. Let y be w(0). What is the thousands digit of o(y)?
1
Let v = -1 - -4. Suppose 3*i + 5*h - 19 = 6, -4*i + v*h = -43. What is the units digit of i?
0
Let z be ((-7674)/(-18))/(-1 - (-8)/6). Let u = z + -887. Suppose 0 = 4*k - 5*d - u, k - 5*d = 117 - 34. What is the hundreds digit of k?
1
Let j(y) = -4689*y - 929. What is the tens digit of j(-5)?
1
Let u = 1392 - 959. Let h = 777 - u. What is the hundreds digit of h?
3
What is the ten thousands digit of 1*((-298611)/(-5) - 223/1115)?
5
Suppose -12*t + 303 = z - 17*t, 0 = 4*z + 2*t - 1124. What is the units digit of z?
3
Let q = -4632 - -11409. What is the units digit of q?
7
Suppose 4*o - 5 = -53. Let l be o/48 + 1/4. Suppose 191 = 2*f + 3*m, 1 = m - l. What is the units digit of f?
4
Let v = -126 - -28. Let i be (-1)/(296/v + 3). Let x = i + -41. What is the units digit of x?
8
Let g = -33 - -36. Suppose -6 = -4*l + 5*f + 35, g*f - 9 = 0. Let r(c) = 5*c - 42. What is the units digit of r(l)?
8
Suppose -11603*s + 380120 = -11595*s. What is the units digit of s?
5
Let c be (-6)/(-27)*9 - -133. What is the tens digit of ((c/(-10))/(-9))/((-18)/(-9840))?
2
Let z be (2 - 2)/((-3)/(2 + 1)). Suppose 5*s - 602 - 1378 = z. Suppose 6*w - s = -0*w. What is the tens digit of w?
6
Suppose 2*g = -p + 53804 - 10805, -4 = 4*p. What is the thousands digit of g?
1
Suppose -k = 2*f - 11 - 21, 34 = 3*f + 5*k. What is the tens digit of f?
1
Let d(w) = 9*w - w**2 - 7 + 3*w**2 + 13 - 4. Let z be d(-4). What is the units digit of 495/(-12)*8/z?
5
Let b = 38468 + -24339. What is the thousands digit of b?
4
Let f be 3/2*(-8)/(-3) - -849. Suppose -346 = -0*p - 2*p - 4*y, -5*p - 4*y = -f. What is the hundreds digit of p?
1
Let c = 2735 - -7489. Suppose 159*u - 151*u - c = 0. What is the thousands digit of u?
1
What is the hundreds digit of 156248/3*(23/10 - 180/225)?
1
Suppose -3*l = 5*v - 85, 3*v + 75 = 5*l - 2*v. Let p(j) = 11*j - 46. What is the units digit of p(l)?
4
Let w be (2 + 27 + 1)/(1/(-12)). Let k = w - -642. Suppose 6*f - 3*f = k. What is the tens digit of f?
9
Suppose 4*u - 20025 = -5*y, 32*u - 28*u + 4005 = y. What is the units digit of y?
5
Suppose -4*w = 12, -3*t + 5*w - 1764 = -78. Let c = t - -839. Let l = c - 150. What is the units digit of l?
2
Let n = -7492 + 13849. What is the tens digit of n?
5
Let d be 19 + ((-6)/10)/(3/15). Suppose 1219 = d*z - 893. What is the tens digit of z?
3
Let o(s) be the first derivative of s**4/4 + 4*s**3 - 3*s**2/2 - 7*s + 6. Let j be o(-11). Let f = j + 33. What is the tens digit of f?
8
Let b = 2614 - 2416. What is the tens digit of b?
9
Suppose 16*u = 19*u. Suppose u = -5*s - 4*j + 172, 5*j + 6 = 21. Suppose c - s - 17 = 0. What is the units digit of c?
9
Suppose -2283*n = -2274*n - 19944. What is the units digit of n?
6
Suppose -31*a = 15598 - 214649. What is the hundreds digit of a?
4
Let z(q) = 7*q - 25. Let m be z(4). Suppose -5*h = 2*g - 6371 + 2246, -m*h = -4*g - 2501. What is the tens digit of h?
2
Let u(m) = -m**3 - 6*m**2 + m + 7. Let q be u(-6). What is the hundreds digit of (7 - 0)/(q*(-2)/(-136))?
4
Let m be (-534)/2314 + 426/(-13). Let h(w) = w**2 - 4*w - 2. Let z be h(5). What is the units digit of (-1)/z - 8657/m?
2
Let v(o) = -4*o - 5*o - 27 + 21 - 5*o + 5*o**2 + 8*o. Let b = 17 + -12. What is the units digit of v(b)?
9
Let f = -71661 + 101425. What is the hundreds digit of f?
7
Let m(p) = 47*p**2 + 229*p + 342. What is the ten thousands digit of m(-26)?
2
Let t = -150 - -154. What is the tens digit of -3 - ((t - 351) + -4)?
4
What is the tens digit of (-17 + 15)/((-98445)/(-32817) + -3)?
3
Suppose -7*k = -3*k - 2*i + 154, -i - 175 = 5*k. Let u = 251 - k. What is the tens digit of u?
8
Let h(p) = -100*p + 6. Let u(f) = f**3 + 2*f**2 + 10*f + 19. Let s be u(-2). What is the tens digit of h(s)?
0
Suppose 12*m = 14*m - u - 11593, 12*m - 69564 = 4*u. What is the hundreds digit of m?
7
Let d be (-5)/(-2) + 2/(-4). Let n(m) = -2 + 47*m - 4 + 10 - 3 + 2. What is the tens digit of n(d)?
9
Let k be ((-4)/16)/(6/(-1320)). Suppose -59*j + k*j = -796. What is the hundreds digit of j?
1
Let g(i) be the second derivative of -14*i**3/3 - 16*i**2 - 124*i. Suppose -2*x = -3*o - x - 22, 0 = 4*o - x + 29. What is the hundreds digit of g(o)?
1
Let y(c) = -27*c**2 + 1511*c - 78. What is the ten thousands digit of y(36)?
1
Let i be ((-45)/30)/(9/24). What is the tens digit of -59*(3 + i + -6)?
1
Suppose -73*a = -68*a - 30. Suppose 0 = -a*v - 6*v + 6924. What is the units digit of v?
7
Let k(f) = -4*f**3 + 4*f**2 - 9. Let z be k(2). Suppose -3*q + 4*q = 5245. What is the tens digit of 5/25 - q/z?
1
Let v = 324 - 322. Suppose 5*h = 5, -v*c + h + 1116 = -h. What is the tens digit of c?
5
Let j = -1020 - -1535. What is the tens digit of j?
1
Suppose 2*o = -4*r + 28642, -1680*o + 1677*o + 28635 = 4*r. What is the units digit of r?
4
Suppose 6*l - 52 = 224. Suppose -l*u + 39*u = -868. What is the units digit of u?
4
Let o(v) = -502*v**3 + 7*v**2 + 58*v + 144. What is the hundreds digit of o(-3)?
5
Let i(z) = -108*z**3 + 29*z**2 + 40*z + 142. What is the tens digit of i(-8)?
7
Suppose 0 = 5*m + 5 - 35. Suppose 56 = -m*y - 274. Let j = 108 + y. What is the tens digit of j?
5
Let x be 9/(-3) - (3 + (-2 - -1)). Let k be (2 - 6)/(5/x). Suppose -4*d + t = -282, k*t - 6 = t. What is the units digit of d?
1
Let n(d) = 35*d - 33 + 0 + 55*d - 23. What is the units digit of n(5)?
4
Let h(x) = x**3 - 37*x**2 + 12*x + 74. Let z be h(37). Let k be ((-58)/3)/((-20)/(-330)). Let w = z + k. What is the hundreds digit of w?
1
What is the thousands digit of 13678/(-3)*((-210)/(-28) + -9)?
6
Suppose 278079 = 134*m - 58261. What is the thousands digit of m?
2
Let d(j) = 3*j + 51. Let o = 244 - 255. What is the tens digit of d(o)?
1
Suppose 4*u - t = 1869, u - 459 = -7*t + 10*t. Suppose 5*s + u = 2*c, 4*c - 2*s - 458 = 462. What is the hundreds digit of c?
2
Let w(j) = -2*j**2 + 86*j - 28. Let o be w(42). Suppose 0 = 53*f - o*f - s + 1872, 3*f = 3*s + 1860. What is the tens digit of f?
2
Suppose 0 = -3*g + 2*x - 0*x + 6, -4*g + 8 = 2*x. Suppose 5*d = 2*j + g*d - 25, 0 = 2*d + 6. What is the units digit of j?
8
Suppose 4*w = -5*g + 8735 + 2742, -5*w + 4*g = -14336. What is the hundreds digit of w?
8
Let b be (-8)/2 + 11246 + -17. Suppose 10825 = -5*a - b. What is the units digit of 1/(-2) + a/(-28)?
7
Let u = 83 + -23. Suppose u = 13*b - 3*b. Suppose -5*h = -m - b*h + 81, m + 2*h = 85. What is the units digit of m?
7
Suppose -24*t + 80358 + 41562 = 0. What is the tens digit of t?
8
Su